ulate the highest common divisor of 3132 and 177373773.
783
Calculate the greatest common divisor of 386570 and 522.
58
What is the highest common factor of 8671 and 222807?
377
What is the highest common factor of 7367166 and 270?
54
What is the highest common factor of 6 and 277874?
2
What is the greatest common divisor of 1984 and 19034?
62
Calculate the greatest common factor of 5632002 and 2641.
139
What is the highest common divisor of 1790 and 179230910?
1790
What is the highest common factor of 72174 and 6601?
23
Calculate the greatest common factor of 333188 and 42532.
124
Calculate the greatest common factor of 315468 and 1016.
508
What is the highest common divisor of 27188 and 112725332?
3884
What is the highest common divisor of 934316187 and 63?
21
What is the greatest common divisor of 33248 and 9738547?
1039
Calculate the greatest common divisor of 173524 and 607476.
284
Calculate the greatest common divisor of 163208 and 1978.
46
Calculate the greatest common divisor of 2562483 and 6699.
231
What is the highest common divisor of 165877850 and 50?
50
What is the greatest common divisor of 95 and 1241335?
5
What is the highest common factor of 266178 and 3225882?
2442
What is the highest common divisor of 68561 and 3040773?
1853
What is the highest common factor of 159508846 and 28?
14
Calculate the highest common divisor of 19505076 and 372.
372
Calculate the highest common divisor of 10900627 and 808.
101
What is the highest common divisor of 109108088 and 8?
8
Calculate the highest common factor of 6590 and 47290.
10
Calculate the highest common divisor of 513576 and 115164.
252
What is the highest common factor of 162 and 1259109468?
54
Calculate the greatest common factor of 33 and 4594535.
11
Calculate the greatest common divisor of 975 and 2402517.
39
Calculate the greatest common factor of 250585 and 47938.
2179
Calculate the greatest common factor of 109523 and 5642.
31
Calculate the highest common divisor of 18 and 21879252.
18
What is the highest common divisor of 3363952 and 400?
16
Calculate the highest common factor of 681 and 97104471.
681
Calculate the highest common factor of 15936636 and 351852.
3228
What is the highest common factor of 1946074 and 2612506?
2314
Calculate the highest common divisor of 20 and 15756340.
20
Calculate the greatest common factor of 3445270 and 190.
190
Calculate the greatest common divisor of 79464 and 169807.
473
What is the greatest common divisor of 33170044 and 1688?
844
What is the greatest common divisor of 15268 and 489170?
22
Calculate the greatest common divisor of 48920640 and 3840.
960
Calculate the greatest common factor of 113051198 and 6903.
767
What is the highest common factor of 171564666 and 20895?
4179
Calculate the highest common divisor of 802588 and 490628.
2836
What is the highest common divisor of 19 and 12200926?
19
Calculate the greatest common divisor of 4063444 and 15197.
1169
What is the greatest common divisor of 42762 and 344?
2
What is the greatest common factor of 235 and 10745281?
47
Calculate the greatest common divisor of 6404757 and 2935.
587
Calculate the highest common factor of 143232 and 66021.
1119
Calculate the greatest common divisor of 584 and 62708460.
292
Calculate the greatest common factor of 3646 and 242482699.
1823
Calculate the greatest common divisor of 1807843 and 69975.
311
What is the highest common divisor of 1739 and 487?
1
Calculate the highest common factor of 59738350 and 1813.
1813
What is the greatest common divisor of 153 and 979553?
1
Calculate the highest common factor of 3024 and 38234.
14
What is the greatest common factor of 1456 and 66573?
13
What is the highest common factor of 2875 and 834049?
23
What is the highest common divisor of 2072 and 1811520?
296
What is the greatest common factor of 64900 and 115720?
220
Calculate the highest common factor of 2695 and 4047645.
245
Calculate the highest common divisor of 1456378 and 96334.
98
What is the greatest common factor of 4477 and 22044?
11
Calculate the greatest common factor of 1058 and 140724051.
529
Calculate the highest common divisor of 78731582 and 4434.
1478
What is the highest common divisor of 1533 and 630647?
73
What is the highest common divisor of 17628 and 38604?
12
What is the greatest common divisor of 284 and 812312846?
142
Calculate the highest common divisor of 125425 and 20448600.
4325
Calculate the highest common factor of 4882119 and 660.
33
Calculate the greatest common factor of 558 and 17538.
6
Calculate the highest common factor of 125201443 and 46.
23
What is the highest common divisor of 1586 and 201264986?
1586
Calculate the highest common divisor of 985256 and 13696.
856
What is the highest common divisor of 143 and 2463943911?
143
Calculate the greatest common divisor of 367275 and 345327.
177
Calculate the highest common factor of 2387 and 234003.
77
Calculate the highest common factor of 13189872 and 48.
48
What is the greatest common divisor of 5827802 and 49243?
2141
Calculate the greatest common divisor of 65 and 165525269.
13
What is the greatest common divisor of 5088 and 6593376?
96
Calculate the highest common divisor of 41307 and 1405.
281
What is the highest common factor of 543921861 and 29064?
3633
What is the greatest common divisor of 16 and 50909008?
16
What is the highest common divisor of 672 and 71973984?
96
Calculate the highest common divisor of 917 and 2695718.
131
Calculate the highest common divisor of 12600 and 6265800.
1800
What is the greatest common divisor of 831950 and 53550?
350
What is the highest common factor of 67526500 and 70?
10
Calculate the greatest common divisor of 22289 and 50282.
31
What is the greatest common divisor of 677352 and 10816?
1352
What is the greatest common factor of 27577 and 19987?
253
Calculate the greatest common divisor of 58 and 275202.
2
Calculate the greatest common divisor of 19976 and 506440.
88
What is the greatest common factor of 8544 and 116016?
48
What is the greatest common divisor of 69210 and 77726675?
3845
Calculate the highest common factor of 372 and 24810974.
62
Calculate the highest common divisor of 25912 and 3654856.
632
Calculate the greatest common factor of 118 and 12436224.
2
Calculate the highest common divisor of 22 and 11307340.
22
Calculate the highest common factor of 455159394 and 612.
306
What is the greatest common factor of 167163 and 12?
3
Calculate the highest common factor of 515424 and 83426.
826
What is the highest common divisor of 63269793 and 87?
87
What is the greatest common factor of 42300 and 46906?
94
Calculate the highest common divisor of 22386 and 22877764.
182
What is the highest common factor of 1060533 and 80514?
81
What is the highest common factor of 8171124 and 78?
78
What is the greatest common factor of 616 and 5733992?
88
What is the greatest common factor of 6014610 and 72?
18
What is the greatest common factor of 5740 and 15531005?
1435
Calculate the greatest common divisor of 3321314 and 114.
38
What is the highest common factor of 67917822 and 103362?
4494
What is the greatest common factor of 71 and 17039290?
71
Calculate the greatest common factor of 394 and 261770054.
394
What is the highest common divisor of 216405 and 10579113?
6183
What is the highest common divisor of 540 and 39666080?
20
What is the greatest common divisor of 636 and 520839798?
318
Calculate the highest common divisor of 5769141 and 29963.
361
What is the greatest common factor of 463092 and 28?
28
Calculate the greatest common factor of 123207357 and 819.
273
Calculate the greatest common factor of 15316756 and 1624.
812
Calculate the greatest common factor of 177141510 and 455.
455
Calculate the greatest common factor of 235 and 765948425.
235
What is the highest common divisor of 36 and 1651014?
18
Calculate the greatest common factor of 12193967 and 194.
97
Calculate the greatest common divisor of 16 and 27394684.
4
What is the highest common factor of 594 and 1051753824?
198
Calculate the highest common divisor of 221 and 6557421.
13
Calculate the highest common divisor of 177050 and 2750.
50
What is the greatest common divisor of 46726244 and 16?
4
Calculate the greatest common factor of 2262609 and 535311.
261
What is the g